{"id":309,"date":"2020-05-15T22:31:14","date_gmt":"2020-05-15T22:31:14","guid":{"rendered":"https:\/\/basculassandiego.com\/tienda\/?post_type=product&#038;p=309"},"modified":"2025-05-04T17:39:40","modified_gmt":"2025-05-04T17:39:40","slug":"congelador-solido-40-pies-cubicos-fs1300","status":"publish","type":"product","link":"https:\/\/basculassandiego.com\/tienda\/producto\/congelador-solido-40-pies-cubicos-fs1300\/","title":{"rendered":"CONGELADOR VERTICAL PUERTA S\u00d3LIDA 47 PIES ACERO INOXIDABLE CVSA-47UI"},"content":{"rendered":"<h1>CONGELADOR VERTICAL PUERTA S\u00d3LIDA 47 PIES ACERO INOXIDABLE CVSA-47UI<\/h1>\n<p>Construcci\u00f3n robusta de acero inoxidable, higi\u00e9nicos y de gran durabilidad. Con empaque foodservice libres de BPA.<br \/>\nUnidad de refrigeraci\u00f3n en parte inferior para f\u00e1cil accesibilidad e interacci\u00f3n.<\/p>\n<p>Congelador vertical de 47 pies c\u00fabicos. Control digital de temperatura que optimiza y reduce el consumo de energ\u00eda.<\/p>\n<p>Con sistema innovador en puerta que permite el autocierre a 90\u00b0 y autoapertura hasta 180\u00b0.<\/p>\n<p>Con agente aislante de ciclopentano, ecol\u00f3gico y altamente eficiente para mayor ahorro de energ\u00eda.<\/p>\n<div class=\"col-12 col-md-4\">\n<div class=\"c-product__description\">\n<ul>\n<li>Control digital de temperatura que optimiza y reduce el consumo de energ\u00eda<\/li>\n<li>Puerta con sistema innovador de autocierre<\/li>\n<li>Refrigerante ecol\u00f3gico R290<\/li>\n<li>Chapa de seguridad.<\/li>\n<li><\/li>\n<li><strong><span style=\"color: #ff0000;\">PRECIO SUJETO A CAMBIOS.<\/span><\/strong><\/li>\n<\/ul>\n<\/div>\n<\/div>\n<div class=\"col-12 c-product__tabs-container\"><\/div>\n","protected":false},"excerpt":{"rendered":"<p>Construcci\u00f3n robusta de acero inoxidable, higi\u00e9nicos y de gran durabilidad. Con empaque foodservice libres de BPA.<br \/>\nUnidad de refrigeraci\u00f3n en parte inferior para f\u00e1cil accesibilidad e interacci\u00f3n.<\/p>\n<p>Congelador vertical de 47 pies c\u00fabicos. Control digital de temperatura que optimiza y reduce el consumo de energ\u00eda.<\/p>\n","protected":false},"featured_media":2292,"template":"","meta":[],"product_brand":[],"product_cat":[148],"product_tag":[142,152,150,22],"class_list":{"0":"post-309","1":"product","2":"type-product","3":"status-publish","4":"has-post-thumbnail","6":"product_cat-congeladores-solidos","7":"product_tag-congelador","8":"product_tag-puerta-de-acero-inox","9":"product_tag-solido","10":"product_tag-torrey","12":"first","13":"instock","14":"shipping-taxable","15":"purchasable","16":"product-type-simple"},"_links":{"self":[{"href":"https:\/\/basculassandiego.com\/tienda\/wp-json\/wp\/v2\/product\/309","targetHints":{"allow":["GET"]}}],"collection":[{"href":"https:\/\/basculassandiego.com\/tienda\/wp-json\/wp\/v2\/product"}],"about":[{"href":"https:\/\/basculassandiego.com\/tienda\/wp-json\/wp\/v2\/types\/product"}],"wp:featuredmedia":[{"embeddable":true,"href":"https:\/\/basculassandiego.com\/tienda\/wp-json\/wp\/v2\/media\/2292"}],"wp:attachment":[{"href":"https:\/\/basculassandiego.com\/tienda\/wp-json\/wp\/v2\/media?parent=309"}],"wp:term":[{"taxonomy":"product_brand","embeddable":true,"href":"https:\/\/basculassandiego.com\/tienda\/wp-json\/wp\/v2\/product_brand?post=309"},{"taxonomy":"product_cat","embeddable":true,"href":"https:\/\/basculassandiego.com\/tienda\/wp-json\/wp\/v2\/product_cat?post=309"},{"taxonomy":"product_tag","embeddable":true,"href":"https:\/\/basculassandiego.com\/tienda\/wp-json\/wp\/v2\/product_tag?post=309"}],"curies":[{"name":"wp","href":"https:\/\/api.w.org\/{rel}","templated":true}]}}