{"id":320,"date":"2020-05-16T16:53:25","date_gmt":"2020-05-16T16:53:25","guid":{"rendered":"https:\/\/basculassandiego.com\/tienda\/?post_type=product&#038;p=320"},"modified":"2025-05-04T18:57:37","modified_gmt":"2025-05-04T18:57:37","slug":"dispensador-de-hielo","status":"publish","type":"product","link":"https:\/\/basculassandiego.com\/tienda\/producto\/dispensador-de-hielo\/","title":{"rendered":"DISPENSADOR DE HIELO DHC-80"},"content":{"rendered":"<h1>DISPENSADOR DE HIELO (DHC-80)<\/h1>\n<p>Autom\u00e1tico, construcci\u00f3n de acero inoxidable, relleno de poliuretano en paredes.<br \/>\nF\u00e1cil de operar con s\u00f3lo oprimir un bot\u00f3n.<br \/>\nIdeal para hoteles, restaurantes y hospitales.<\/p>\n<p>DISPENSADOR DE HIELO AUTOM\u00c1TICO (DHC-80)<br \/>\nCapacidad de almacenamiento 80 Kg. Voltaje 110V.<br \/>\nDimensiones (frente x fondo x alto) 76 x 85 x 135 cm.<br \/>\n113 gramos por segundo.<br \/>\nEste dispensador se puede adaptar a los modelos MHC230, MHC280, MHC320, MHC500<\/p>\n<p><strong><span style=\"color: #ff0000;\">PRECIO SUJETO A CAMBIOS.<\/span><\/strong><\/p>\n","protected":false},"excerpt":{"rendered":"<p>Automatico, construccion de acero inoxidable, relleno de poliuretano en paredes.<br \/>\nF\u00e1cil de operar con s\u00f3lo oprimir un bot\u00f3n.<br \/>\nIdeal para hoteles, restaurantes y hospitales.<\/p>\n<p>DISPENSADOR DE HIELO AUTOM\u00c1TICO (DHC-80)<br \/>\n113 gramos por segundo.<\/p>\n","protected":false},"featured_media":321,"template":"","meta":[],"product_brand":[],"product_cat":[158],"product_tag":[159,160,66,22],"class_list":{"0":"post-320","1":"product","2":"type-product","3":"status-publish","4":"has-post-thumbnail","6":"product_cat-dispensadores-de-hielo","7":"product_tag-dispensador","8":"product_tag-gramos-por-segundo","9":"product_tag-hielo","10":"product_tag-torrey","12":"first","13":"instock","14":"shipping-taxable","15":"purchasable","16":"product-type-simple"},"_links":{"self":[{"href":"https:\/\/basculassandiego.com\/tienda\/wp-json\/wp\/v2\/product\/320","targetHints":{"allow":["GET"]}}],"collection":[{"href":"https:\/\/basculassandiego.com\/tienda\/wp-json\/wp\/v2\/product"}],"about":[{"href":"https:\/\/basculassandiego.com\/tienda\/wp-json\/wp\/v2\/types\/product"}],"wp:featuredmedia":[{"embeddable":true,"href":"https:\/\/basculassandiego.com\/tienda\/wp-json\/wp\/v2\/media\/321"}],"wp:attachment":[{"href":"https:\/\/basculassandiego.com\/tienda\/wp-json\/wp\/v2\/media?parent=320"}],"wp:term":[{"taxonomy":"product_brand","embeddable":true,"href":"https:\/\/basculassandiego.com\/tienda\/wp-json\/wp\/v2\/product_brand?post=320"},{"taxonomy":"product_cat","embeddable":true,"href":"https:\/\/basculassandiego.com\/tienda\/wp-json\/wp\/v2\/product_cat?post=320"},{"taxonomy":"product_tag","embeddable":true,"href":"https:\/\/basculassandiego.com\/tienda\/wp-json\/wp\/v2\/product_tag?post=320"}],"curies":[{"name":"wp","href":"https:\/\/api.w.org\/{rel}","templated":true}]}}