{"id":328,"date":"2020-05-16T17:35:47","date_gmt":"2020-05-16T17:35:47","guid":{"rendered":"https:\/\/basculassandiego.com\/tienda\/?post_type=product&#038;p=328"},"modified":"2025-05-04T18:38:55","modified_gmt":"2025-05-04T18:38:55","slug":"fabrica-de-hielo-en-cubo-hoteles-y-restaurantes","status":"publish","type":"product","link":"https:\/\/basculassandiego.com\/tienda\/producto\/fabrica-de-hielo-en-cubo-hoteles-y-restaurantes\/","title":{"rendered":"FABRICA DE HIELO EN CUBO\/ HOTELES Y RESTAURANTES"},"content":{"rendered":"<h1>FABRICA DE HIELO EN CUBO\/ HOTELES Y RESTAURANTES<br \/>\n<span class=\"smallText\">[MHC-235\/517 ]<\/span><\/h1>\n<p>USO RECOMENDADO: HOTELES Y RESTAURANTES<br \/>\nMODELO: MHC-235\/517 MA<br \/>\nM\u00e1quina de hielo con producci\u00f3n de 235 kg por d\u00eda.<br \/>\nDep\u00f3sito sugerido DH-55.<br \/>\nIdeal para embotelladores y equipos dispensadores de bebidas de 6 v\u00e1lvulas y hoteles con dispensadores de hielo.<br \/>\nHielo tipo cubo.<br \/>\nEl equipo cuenta con el Sistema antimicrobial de iones de plata Agion que inhibe el crecimiento de bacterias en las superficies donde se produce hielo.<br \/>\nUnidad condensadora de aire.<br \/>\nConsume 2.33 litros de agua por kg de hielo.<br \/>\nTrabaja con una presi\u00f3n del agua m\u00ednima de 20 psi y m\u00e1xima de 60 psi.<br \/>\nAsistente de cosecha para ahorrar tiempo y acelerar las producciones de hielo.<br \/>\nUsa nuestra m\u00e1quina de hielo en restaurantes, hoteles, bares, tiendas de abarrotes, tiendas de autoservicio, tiendas de conveniencia, cines, pescader\u00edas, hospitales, snack\u2019s, cafeter\u00edas y muchos m\u00e1s.<\/p>\n<p>Fabrica de hielo:$ 122,853<br \/>\nDispensador de hielo: $ 109,643<br \/>\nTotal: $ 232,496.00<\/p>\n<p><strong><span style=\"color: #ff0000;\">PRECIO SUJETO A CAMBIOS<\/span><\/strong><\/p>\n","protected":false},"excerpt":{"rendered":"<p>USO RECOMENDADO: HOTELES Y RESTAURANTES<br \/>\nM\u00e1quina de hielo con producci\u00f3n de 235 kg por d\u00eda.<br \/>\nIdeal para embotelladores y equipos dispensadores de bebidas de 6 v\u00e1lvulas y hoteles con dispensadores de hielo.<br \/>\nHielo tipo cubo.<br \/>\nUsa nuestra m\u00e1quina de hielo en restaurantes, hoteles, bares, tiendas de abarrotes, tiendas de autoservicio, tiendas de conveniencia, cines, pescader\u00edas, hospitales, snack\u2019s, cafeter\u00edas y muchos m\u00e1s.<\/p>\n","protected":false},"featured_media":329,"template":"","meta":[],"product_brand":[],"product_cat":[166],"product_tag":[170,167,162,66,169,22],"class_list":{"0":"post-328","1":"product","2":"type-product","3":"status-publish","4":"has-post-thumbnail","6":"product_cat-fabricas-de-hielo-en-cubos","7":"product_tag-235-kg","8":"product_tag-cubos","9":"product_tag-fabrica","10":"product_tag-hielo","11":"product_tag-hoteles-y-restaurantes","12":"product_tag-torrey","14":"first","15":"instock","16":"shipping-taxable","17":"purchasable","18":"product-type-simple"},"_links":{"self":[{"href":"https:\/\/basculassandiego.com\/tienda\/wp-json\/wp\/v2\/product\/328","targetHints":{"allow":["GET"]}}],"collection":[{"href":"https:\/\/basculassandiego.com\/tienda\/wp-json\/wp\/v2\/product"}],"about":[{"href":"https:\/\/basculassandiego.com\/tienda\/wp-json\/wp\/v2\/types\/product"}],"wp:featuredmedia":[{"embeddable":true,"href":"https:\/\/basculassandiego.com\/tienda\/wp-json\/wp\/v2\/media\/329"}],"wp:attachment":[{"href":"https:\/\/basculassandiego.com\/tienda\/wp-json\/wp\/v2\/media?parent=328"}],"wp:term":[{"taxonomy":"product_brand","embeddable":true,"href":"https:\/\/basculassandiego.com\/tienda\/wp-json\/wp\/v2\/product_brand?post=328"},{"taxonomy":"product_cat","embeddable":true,"href":"https:\/\/basculassandiego.com\/tienda\/wp-json\/wp\/v2\/product_cat?post=328"},{"taxonomy":"product_tag","embeddable":true,"href":"https:\/\/basculassandiego.com\/tienda\/wp-json\/wp\/v2\/product_tag?post=328"}],"curies":[{"name":"wp","href":"https:\/\/api.w.org\/{rel}","templated":true}]}}