{"id":522,"date":"2020-05-21T22:27:29","date_gmt":"2020-05-21T22:27:29","guid":{"rendered":"https:\/\/basculassandiego.com\/tienda\/?post_type=product&#038;p=522"},"modified":"2025-05-02T00:39:47","modified_gmt":"2025-05-02T00:39:47","slug":"bascula-electronica-contadora-qc50","status":"publish","type":"product","link":"https:\/\/basculassandiego.com\/tienda\/producto\/bascula-electronica-contadora-qc50\/","title":{"rendered":"B\u00c1SCULA ELECTR\u00d3NICA CONTADORA QC50"},"content":{"rendered":"<h1>B\u00c1SCULA ELECTR\u00d3NICA CONTADORA QC50<\/h1>\n<p>Dise\u00f1ada para industrias con manejo de inventarios grandes, permite contar las piezas al\u00a0momento de pesar el total, ahorrando tiempo en el conteo de art\u00edculos y disminuyendo p\u00e9rdidas por\u00a0inventarios inexactos.<\/p>\n<ul>\n<li>S\u00f3lida construcci\u00f3n en acero inoxidable<\/li>\n<li>Conversi\u00f3n de kilos a libras y viceversa f\u00e1cilmente<\/li>\n<li>50 memorias para productos y 50 para recipientes<\/li>\n<li>Con puerto serial para conexi\u00f3n a PC o impresora<\/li>\n<\/ul>\n<p>Disponible en capacidad de <strong>5, 20 y 50kg.<\/strong><\/p>\n<p><span style=\"color: #ff0000;\"><strong>PRECIO SUJETO A CAMBIOS<\/strong><\/span><\/p>\n","protected":false},"excerpt":{"rendered":"<p>Dise\u00f1ada para industrias con manejo de inventarios grandes, permite contar las piezas al\u00a0momento de pesar el total, ahorrando tiempo en el conteo de art\u00edculos y disminuyendo p\u00e9rdidas por\u00a0inventarios inexactos.<\/p>\n<ul>\n<li>S\u00f3lida construcci\u00f3n en acero inoxidable<\/li>\n<li>Conversi\u00f3n de kilos a libras y viceversa f\u00e1cilmente<\/li>\n<li>50 memorias para productos y 50 para recipientes<\/li>\n<li>Con puerto serial para conexi\u00f3n a PC o impresora<\/li>\n<\/ul>\n","protected":false},"featured_media":2249,"template":"","meta":[],"product_brand":[],"product_cat":[289],"product_tag":[23,290,22],"class_list":{"0":"post-522","1":"product","2":"type-product","3":"status-publish","4":"has-post-thumbnail","6":"product_cat-bascula-electronica-contadora","7":"product_tag-bascula","8":"product_tag-contadora","9":"product_tag-torrey","11":"first","12":"instock","13":"shipping-taxable","14":"purchasable","15":"product-type-simple"},"_links":{"self":[{"href":"https:\/\/basculassandiego.com\/tienda\/wp-json\/wp\/v2\/product\/522","targetHints":{"allow":["GET"]}}],"collection":[{"href":"https:\/\/basculassandiego.com\/tienda\/wp-json\/wp\/v2\/product"}],"about":[{"href":"https:\/\/basculassandiego.com\/tienda\/wp-json\/wp\/v2\/types\/product"}],"wp:featuredmedia":[{"embeddable":true,"href":"https:\/\/basculassandiego.com\/tienda\/wp-json\/wp\/v2\/media\/2249"}],"wp:attachment":[{"href":"https:\/\/basculassandiego.com\/tienda\/wp-json\/wp\/v2\/media?parent=522"}],"wp:term":[{"taxonomy":"product_brand","embeddable":true,"href":"https:\/\/basculassandiego.com\/tienda\/wp-json\/wp\/v2\/product_brand?post=522"},{"taxonomy":"product_cat","embeddable":true,"href":"https:\/\/basculassandiego.com\/tienda\/wp-json\/wp\/v2\/product_cat?post=522"},{"taxonomy":"product_tag","embeddable":true,"href":"https:\/\/basculassandiego.com\/tienda\/wp-json\/wp\/v2\/product_tag?post=522"}],"curies":[{"name":"wp","href":"https:\/\/api.w.org\/{rel}","templated":true}]}}