{"id":551,"date":"2020-05-22T18:18:22","date_gmt":"2020-05-22T18:18:22","guid":{"rendered":"https:\/\/basculassandiego.com\/tienda\/?post_type=product&#038;p=551"},"modified":"2024-11-22T17:23:59","modified_gmt":"2024-11-22T17:23:59","slug":"bascula-medica-ms-200","status":"publish","type":"product","link":"https:\/\/basculassandiego.com\/tienda\/producto\/bascula-medica-ms-200\/","title":{"rendered":"B\u00c1SCULA M\u00c9DICA MS-200"},"content":{"rendered":"<h1>B\u00e1scula M\u00e9dica <span class=\"smallText\">[MS-200]<\/span><\/h1>\n<p>B\u00e1scula M\u00e9dica con m\u00faltiples funciones<br \/>\nPeso, altura y porcentaje de grasa corporal.<br \/>\nMedici\u00f3n de altura por ultrasonido.<br \/>\nM\u00f3dulo indicador r\u00e1pido y preciso<br \/>\nF\u00e1cil de operar.<br \/>\nBase anti-derrapante de gran tama\u00f1o<br \/>\nCapacidad de 200 kg \/ 400 lb<br \/>\nConvertidor de kg \/lb<br \/>\nAltura 2.50 m.<br \/>\nAltura m\u00ednima 60 cm.<br \/>\nBater\u00eda recargable de 4 horas.<\/p>\n<p><span style=\"color: #ff0000;\"><strong>PRECIO SUJETO A CAMBIOS<\/strong><\/span><\/p>\n","protected":false},"excerpt":{"rendered":"<p>B\u00e1scula M\u00e9dica con m\u00faltiples funciones<br \/>\nPeso, altura y porcentaje de grasa corporal.<br \/>\nMedici\u00f3n de altura por ultrasonido.<br \/>\nM\u00f3dulo indicador r\u00e1pido y preciso<br \/>\nF\u00e1cil de operar.<\/p>\n","protected":false},"featured_media":552,"template":"","meta":[],"product_brand":[],"product_cat":[303],"product_tag":[23,304,22],"class_list":{"0":"post-551","1":"product","2":"type-product","3":"status-publish","4":"has-post-thumbnail","6":"product_cat-bascula-medica","7":"product_tag-bascula","8":"product_tag-medica","9":"product_tag-torrey","11":"first","12":"outofstock","13":"shipping-taxable","14":"purchasable","15":"product-type-simple"},"_links":{"self":[{"href":"https:\/\/basculassandiego.com\/tienda\/wp-json\/wp\/v2\/product\/551","targetHints":{"allow":["GET"]}}],"collection":[{"href":"https:\/\/basculassandiego.com\/tienda\/wp-json\/wp\/v2\/product"}],"about":[{"href":"https:\/\/basculassandiego.com\/tienda\/wp-json\/wp\/v2\/types\/product"}],"wp:featuredmedia":[{"embeddable":true,"href":"https:\/\/basculassandiego.com\/tienda\/wp-json\/wp\/v2\/media\/552"}],"wp:attachment":[{"href":"https:\/\/basculassandiego.com\/tienda\/wp-json\/wp\/v2\/media?parent=551"}],"wp:term":[{"taxonomy":"product_brand","embeddable":true,"href":"https:\/\/basculassandiego.com\/tienda\/wp-json\/wp\/v2\/product_brand?post=551"},{"taxonomy":"product_cat","embeddable":true,"href":"https:\/\/basculassandiego.com\/tienda\/wp-json\/wp\/v2\/product_cat?post=551"},{"taxonomy":"product_tag","embeddable":true,"href":"https:\/\/basculassandiego.com\/tienda\/wp-json\/wp\/v2\/product_tag?post=551"}],"curies":[{"name":"wp","href":"https:\/\/api.w.org\/{rel}","templated":true}]}}